{"id":19,"date":"2017-06-04T12:01:36","date_gmt":"2017-06-04T10:01:36","guid":{"rendered":"http:\/\/www.saramarseropsicologa.com\/sito\/?page_id=19"},"modified":"2017-06-04T22:54:36","modified_gmt":"2017-06-04T20:54:36","slug":"terapia-cognitivo-comportamentale","status":"publish","type":"page","link":"https:\/\/www.saramarseropsicologa.com\/sito\/terapia-cognitivo-comportamentale\/","title":{"rendered":"Terapia cognitivo comportamentale"},"content":{"rendered":"<p style=\"text-align: justify;\">Secondo la Terapia Cognitivo Comportamentale a causare la sofferenza non sono le situazioni in cui ci troviamo ma il <em>significato<\/em> che noi attribuiamo a tali situazioni.<\/p>\n<p style=\"text-align: justify;\">Prendiamo ad esempio il caso di una persona che attende inutilmente un amico.<br \/>\nQuasi sicuramente \u00e8 gi\u00e0 capitato a tutti noi almeno una volta nella vita! Sar\u00e0 capitato a tutti almeno una volta nella vita di aver atteso inutilmente una persona.<br \/>\nProvate a pensare&#8230; Voi come siete rimasti? Che emozione avete provato? Che reazione avete avuto?<br \/>\n\u00c8 probabile che molti di voi abbiano provato rabbia verso il vostro amico. In questo caso probabilmente vi sarete ritrovati a pensare &#8220;\u00c8\u00a0proprio un maleducato, non ha rispetto\u00a0per\u00a0me. Poteva almeno avvisarmi. La prossima volta non gli creder\u00f2 pi\u00f9&#8221;.<br \/>\nOppure avete provato rabbia verso\u00a0voi stessi pensando &#8220;Non dovevo farmi prendere in giro. L&#8217;avrei dovuto capire subito che non sarebbe venuto!&#8221;<br \/>\nQualcuno potrebbe aver provato ansia. In questo caso probabilmente il pensiero sar\u00e0 stato &#8220;Visto che non \u00e8 ancora arrivato gli sar\u00e0 successo qualcosa\u00a0di terribile!&#8221;<br \/>\nAltri potrebbero essere stati tristi pensando &#8220;Vedi, nessuno mi vuole bene! E questa ne \u00e8 la conferma!&#8221;<br \/>\nAltri ancora potrebbero provare vergogna &#8220;Che figura mi ha fatto fare! Diventer\u00f2 lo zimbello della compagnia&#8230;&#8221;<\/p>\n<p style=\"text-align: justify;\">La situazione \u00e8 la stessa ma ciascuno la vive in modo diverso a seconda del significato che d\u00e0 a quell&#8217;evento.<br \/>\n\u00c8 il pensiero che facciamo nella singola \u00a0situazione a determinare l&#8217;emozione e il successivo comportamento.<\/p>\n<p style=\"text-align: justify;\">Le emozioni di sofferenza spesso sono basate su pensieri irrazionali non condivisibili che la persona si \u00e8 costruita nel tempo con le esperienze della sua infanzia e adolescenza cristallizzate in schemi mentali che si attivano in modo automatico senza esserne consapevole.<br \/>\nNella terapia \u00e8 proprio l&#8217;individuazione, l&#8217;osservazione e la messa in discussione di questi pensieri irrazionali a determinare il cambiamento.<\/p>\n<p style=\"text-align: justify;\">-&gt; <a href=\"http:\/\/www.saramarseropsicologa.com\/sito\/terapiacbt\/\">Approfondisci<\/a><\/p>\n<p style=\"text-align: justify;\"><img decoding=\"async\" loading=\"lazy\" class=\"aligncenter wp-image-78 size-large\" src=\"http:\/\/www.saramarseropsicologa.com\/sito\/wp-content\/uploads\/2017\/06\/terapiacbt-600x338.jpg\" alt=\"\" width=\"600\" height=\"338\" srcset=\"https:\/\/www.saramarseropsicologa.com\/sito\/wp-content\/uploads\/2017\/06\/terapiacbt-600x338.jpg 600w, https:\/\/www.saramarseropsicologa.com\/sito\/wp-content\/uploads\/2017\/06\/terapiacbt-300x169.jpg 300w, https:\/\/www.saramarseropsicologa.com\/sito\/wp-content\/uploads\/2017\/06\/terapiacbt-768x433.jpg 768w, https:\/\/www.saramarseropsicologa.com\/sito\/wp-content\/uploads\/2017\/06\/terapiacbt.jpg 1000w\" sizes=\"(max-width: 600px) 100vw, 600px\" \/><\/p>\n","protected":false},"excerpt":{"rendered":"<p>Secondo la Terapia Cognitivo Comportamentale a causare la sofferenza non sono le situazioni in cui ci troviamo ma il significato che noi attribuiamo a tali situazioni. Prendiamo ad esempio il caso di una persona che attende inutilmente un amico. Quasi sicuramente \u00e8 gi\u00e0 capitato a tutti noi almeno una volta nella vita! Sar\u00e0 capitato a&nbsp;<\/p>\n<p><a class=\"btn btn-style\" href=\"https:\/\/www.saramarseropsicologa.com\/sito\/terapia-cognitivo-comportamentale\/\">Continua a leggere&#8230;<\/a><\/p>\n","protected":false},"author":1,"featured_media":0,"parent":0,"menu_order":0,"comment_status":"closed","ping_status":"closed","template":"","meta":[],"_links":{"self":[{"href":"https:\/\/www.saramarseropsicologa.com\/sito\/wp-json\/wp\/v2\/pages\/19"}],"collection":[{"href":"https:\/\/www.saramarseropsicologa.com\/sito\/wp-json\/wp\/v2\/pages"}],"about":[{"href":"https:\/\/www.saramarseropsicologa.com\/sito\/wp-json\/wp\/v2\/types\/page"}],"author":[{"embeddable":true,"href":"https:\/\/www.saramarseropsicologa.com\/sito\/wp-json\/wp\/v2\/users\/1"}],"replies":[{"embeddable":true,"href":"https:\/\/www.saramarseropsicologa.com\/sito\/wp-json\/wp\/v2\/comments?post=19"}],"version-history":[{"count":4,"href":"https:\/\/www.saramarseropsicologa.com\/sito\/wp-json\/wp\/v2\/pages\/19\/revisions"}],"predecessor-version":[{"id":80,"href":"https:\/\/www.saramarseropsicologa.com\/sito\/wp-json\/wp\/v2\/pages\/19\/revisions\/80"}],"wp:attachment":[{"href":"https:\/\/www.saramarseropsicologa.com\/sito\/wp-json\/wp\/v2\/media?parent=19"}],"curies":[{"name":"wp","href":"https:\/\/api.w.org\/{rel}","templated":true}]}}